- (-7 - -3) - (69 + -26 - 57)
21
What is -6 + -15 - (7 + -15 - -20) - -1?
-32
What is 7 - (-37 - 17 - -16) - (1 - -11)?
33
Evaluate 0 + 3 + (-28 + 36 - 21).
-10
What is -132 + 42 - (-5 - -26)?
-111
Evaluate (-15 - -6 - (159 + -199)) + -70.
-39
Calculate 31 - (72 - (-5 - -9)) - -1.
-36
What is 2 + -8 - (5 - (-6 - (-149 - -17 - 3)))?
118
What is (-19 - (3 - 16)) + (4 + -1 - -5) + -19?
-17
Calculate -51 + 1 + (3 - (-9 + 29 + (-11 - 0))).
-56
What is the value of -1 + (0 - -49) + 0 - (-93 - (-202 + 118))?
57
(209 - (245 - 24)) + (1 - 25)
-36
Evaluate 4 + 0 + (45 - (-15 - ((4 - 54) + 16))).
30
(1 - (-11 + -61 + 31 + -17)) + 7
66
What is the value of (-38 - (-33 + 35)) + 3?
-37
Evaluate (-9 - (20 + -39)) + 2 + 1 + (115 - 108).
20
What is 11 + -2 + (-7 - (-24 - (6 - 14)))?
18
What is -8 + 0 - (-21 + (-25 - -35)) - (-41 + -1)?
45
Calculate (36 - (-2 - -1)) + -1 + (127 - 137).
26
Calculate -10 + -23 + 37 + 16 - 96.
-76
What is the value of 53 + (-52 + 24 + 28 - (-3 - -2))?
54
What is 17 + 18 - (3 - (-139 + 19))?
-88
Evaluate 24 - (-2 - -33) - -10.
3
(-191 - (-407 + 77)) + (-2 - -11)
148
Evaluate 26 - (-11 + 17) - (-21 - -6).
35
Evaluate -1 + (-2 - 1) - (257 + -299).
38
Calculate -11 - (-9 + 1 + -8 + -254 + 233 + -14).
40
What is the value of 0 + 59 + 0 - (-388 - -401 - (15 - -1))?
62
Evaluate 6 + -3 + 56 - (2 - (-11 - -10) - 8).
64
Evaluate (4 - -95) + -34 + 18 + -7 + -8.
68
11 - 7 - -60 - (1518 - 1474)
20
Evaluate 18 + (-2 - 35 - (-160 + 156)).
-15
What is the value of -28 + (-11 + 34 - 32) + -9?
-46
Evaluate (3 - 1) + (-10 - -10 - 28 - 37).
-63
What is the value of (0 - 10) + 71 + -12 + -89?
-40
Evaluate -11048 - -11007 - ((2 - 43) + -1).
1
What is the value of -20 - 1 - -41 - 8 - (-74 - -1)?
85
What is the value of -21 + -10 + 20 + -10 - 2?
-23
(-69 + 47 - -9) + (23 - -3)
13
Calculate (47 - 3) + 24 - 32.
36
Evaluate 4 + 61 + (1 + 27 - 42 - (1 + -23)).
73
Evaluate 14 + -1 - (-168 + 135 - -51).
-5
What is the value of 5679 + -5767 + (-60 - 1)?
-149
Calculate 5 + 130 + 173 + -187.
121
-2 + -43 + 46 + 38
39
What is the value of 10 + -6 + 8 + -10 + 5?
7
What is the value of -414 - -369 - (-1 + -34) - -3?
-7
Evaluate -68 + 17 - (4 + (10 - (5 - -2))).
-58
Evaluate -5 + 8 + -4 + (-8 - (-7 + -6)).
4
Evaluate -7 - (43 - 43 - 28).
21
Evaluate 4 + 135 + 13 + -79.
73
(9 - 68) + 438 + -436
-57
Calculate 7 + (1 - 3) + 1 + (38297 - 38254).
49
What is (-22 + 63 - 72) + -1?
-32
Evaluate (11 - -8) + 996 + -970.
45
Calculate (-10 - -6 - (13 + -6 - -19)) + -9.
-39
Evaluate -54 + 1 + 28 + -402 + 403.
-24
Calculate (-68 - 227) + 209 + -2 + -1 + 15.
-74
Calculate 10 - (-41 - (22 - 44) - -21).
8
-1 + -1 + (-6 - (-79 - (27 - 29)))
69
Evaluate (-1 - 0 - -3 - (52 - 45)) + -19.
-24
What is (51 - 148) + (6 - (-16 + 32))?
-107
Calculate -19 - ((15 - -10) + -15) - -66.
37
-35 + (-20 - 5 - -60) - (1 + 5 + 1)
-7
What is -35 - (-16 - -15 - 44) - (1 - -39)?
-30
What is -310 + 34 - -99 - -54?
-123
What is the value of -108 - (-2 - (3 + -3)) - (-28 - (-122 - -80))?
-120
What is (39 + -115 - -26) + -2?
-52
Calculate (3 - -12) + 1 + -9 + -2 + (-44 - -3).
-36
What is the value of 0 + ((-6 - -11) + 4 - 3) + (0 - 3)?
3
What is the value of 100 + 8 + -8 + 1 - 1 - (1 - -1)?
98
Evaluate 220 - (385 + -121) - (-2 - -14).
-56
What is (-23 - -5) + (1 - (4 - 9)) + 5?
-7
3 - (-23 - (13 - 19))
20
What is the value of -11 + (24 - 5) + -9 + (-3 - (3 + 1))?
-8
What is -54 + 82 + 21 - -17?
66
What is the value of 8 + -3 - 6 - (3 + -12 + -2 - -10)?
0
Calculate 11 + 0 + -1 - (1125 - 1131 - (-66 - 2)).
-52
Evaluate 90 + 32 + (-77 - -18).
63
(-462 - -229 - -243) + 1 + (-4 - -1)
8
(-3 - 33) + (54 - (-8 + 64))
-38
17 + (-90 - -77) + -89
-85
5 + (-4 + -36 - -18) + -13
-30
Evaluate (0 - -58) + (-1102 - -1062).
18
Evaluate 45 - 97 - -15 - -47.
10
(12 - ((0 - (-17 + 8)) + 21)) + 10
-8
(-91 - ((-10 - 9) + 20)) + 17
-75
What is -86 - -68 - 31 - -55?
6
(2 - -8 - (-112 - -85 - -51)) + -97 + 1
-110
What is the value of (23 - -1 - (-9 + 23)) + -15?
-5
(-1 - -5) + (9 - (-1 - -1)) - -9
22
Calculate 19 + (-2 - -4 - 6) - (2219 - 2213).
9
(-971 - -964) + 1 + (1 - -17) + 4
16
Calculate 76 + 31 + -22 - (-8 + 19).
74
What is -2 + (77 - 1) - (-132 - (87 + -225))?
68
What is the value of -24 + 20 + (-2 - -107) - (-161 - -155)?
107
What is -3 + -7 + -17 + 21 + -29 + 7?
-28
Evaluate -70 + 23 + (17 - 53) + (-26 - -8) + 8.
-93
What is -13 - -49 - (54 + -26)?
8
What is the value of 61 - (-13 + 10 + 5 + -8 + 13)?
54
26 + 20 + -58 + -52 + -44
-108
What is -110 - -7 - (100 - 167)?
-36
What is (1277 - 1361) + (69 - -5)?
-10
-5 + 24 + 6 + -16 + -42 + -14
-47
Evaluate -8 - (14 - 0 - (194 - 186) - (-1 + -2)).
-17
Calculate 25 + 6 + 11 + -21 + -55 + -1.
-35
Evaluate (4 - 65) + -10 + 8 + 8 + 2.
-53
What is 78 + 4 + 1 - ((-22 - -11) + 5 + 18)?
71
(-3 - -3) + 13 + (10 + -2 + 4 - 12)
13
What is 36 - (44 - 25) - 50 - (9 + 2 - -2)?
-46
Evaluate (-9 - (3 + (11 - 21))) + 6.
4
What is the value of (-8 - -2 - ((0 - 4) + 6)) + 6?
-2
Evaluate -48 - (-19 - (-20 - (-17 + (-1 - -21)))).
-52
Calculate -13 + 14 + -85 + -4 + -17 + 5 + 3.
-97
Evaluate 42 - (-3 - (-1 - (4 - -10))).
30
What is -40 - (-25 + 19 + (4 - -2) - (6 + -1))?
-35
Evaluate ((-3 - -5) + 10 - -4) + 21.
37
(1 - -2) + (350 - 255) + 0 + -30
68
Calculate 15 + (-13 + -5 - -3) + -19 - 59.
-78
Evaluate -4 - 35 - (-24 - -4) - -11.
-8
-45 + (-13 - -12) - (-197 - -225)
-74
Evaluate 21 + -19 + -35 - -6.
-27
What is the value of (-2 + -94 - -22) + 27 - (-2 - -5)?
-50
Evaluate -2 - (0 + -4 + -38 - (-45 - -48)).
43
Evaluate 89 + (-30 - 1) - 46.
12
What is the value of 7 - 34 - (-18 + -166) - 35?
122
Calculate -15 - (43 + 8 + -107).
41
Calculate (0 - -31) + (-40 - (3 - 42)) + 1 + -4.
27
-1 + 2 + 2 - (-139 + 152 + -19) - 61
-52
Calculate -34 + -12 + -546 + 563.
-29
Evaluate -61 + (36 - 26) + -20 + 15.
-56
-244 + 244 + (-8 - (2 - 3) - (29 + -32))
-4
What is (-3 - 2) + -4 + 22 + 78 + -18 + 26?
99
What is the value of 23 + (-26 - 5 - -32) - -42?
66
-13 + 9 + 4 + 6 + 6 + -9 + -74
-71
2 + 78 - (2290 + -2311)
101
What is the value of -1 + 4 + -55 - (-19 - ((-7 - -15) + -26))?
-51
What is the value of 3 + 1 + 53 + (-5 - 11 - -1) + 15?
57
Calculate (1 - 0) + -33 + (14214 - 14231).
-49
Evaluate 28 - (33 + 35 + 16).
-56
Evaluate 37 + -53 + -17 + 48.
15
What is the value of 11 - ((-73 - -43) + 12)?
29
Evaluate -21 + (-5 - -6) - (-124 + 94).
10
What is (-46 - (40 + 11)) + 46?
-51
4 + -6 + (77 - 76) + -54
-55
What is ((8 - 7) + -6 + 3 - (6 - -6)) + -117?
-131
-52 - -7 - (157 - 140)
-62
(-3 + 0 - 3) + -25 + (36 - -2)
7
Evaluate 53 - 3 - (-3 + 25 + -5 - (23 + -1)).
55
What is the value of -82 - (-116 + 62) - -59?
31
Calculate 438 + -445 + 17 + 1 + (-2 - -41).
50
What is -7 + -3 + 55 - 1?
44
Evaluate -94 - (110 - 86 - 38).
-80
What is (-87 + 162 - 84) + -11 + 1 - (1 - 5)?
-15
(25 - -6 - 10) + 10 + -72
-41
Evaluate 3586 + -3607 - (-3 - (24 + -4)).
2
Calculate -6 + (-188 - -30 - -38) + (6 - -3).
-117
10 - (-4 - -4) - ((63 - (20 + -5)) + -20)
-18
What is -22 + 28 + ((2 - 2) + 0 - (-2 + -26))?
34
What is the value of 49 + (-15 - -17) + -38?
13
Evaluate -7 + (-1 - (-2 - 5)) - 9 - (-375 - -383).
-18
Evaluate 25 + 41 + (-13 - (-21 - -20)) + 1.
55
-37 - (-45 + 34 + -22 + -7)
3
What is -1 - 9 - -2 - (-16 - (28 + 2))?
38
What is the value of 10 + (-10 - 8) + (1 - -7) + -5 + 120?
115
Evaluate (-98 - -4 - 4) + (110 - (176 + -81)).
-83
Calculate 0 + (0 - -11) + (30 - (-16 + 40)) + 34.
51
What is (-17 - -29) + -2 + -24 + 3 - 55?
-66
What is 343 + -346 + (0 + -2 - 1) - (36 + 61)?
-103
Calculate 105 + (10 - (98 - 85 - (3 - 8))).
97
Calculate 17 - (118 - (-10 - -51)).
-60
(-88 - -83 - (1 - 0)) + (-9 - 3)
-18
(17 + -21 - -8) + (-46 - 14)
-56
Evaluate -41 + 13 - -14 - -27 - 13 - -66.
66
Calculate -3 + (50 - (0 - (-10 - -8) - 3)).
48
Evaluate (887 - 832) + 47 + -8 + -1.
93
Calculate -18 + (12 - (-10 - (-13 + (10 - 7)))).
-6
What is -32 + 25 + 16 + 2 + -81 - 10?
-80
Evaluate 93 - (-16 + (40 - -7)).
62
Evaluate -69 + 82 - (1 - -1) - (-2 + -2 - 2).
17
What is -56 + 19 + 9 + -3?
-31
What is the value of 68 - (-9 + 140 + -66)?
3
Calculate 0 + 1 + 8 + -17 + 7 + (5 - 16).
-12
Evaluate 184 + (-140 - -25) - -41.
110
What is the value of 33 + (-5 - (-11 - (2 - 36)))?
5
What is the value of 1 + (1 - 38) + -4 - (8 + -3)?
-45
Calculate (-2 + 4 - 50) + 